{"id":1383,"date":"2020-09-09T11:34:49","date_gmt":"2020-09-09T14:34:49","guid":{"rendered":"https:\/\/pslv-sal.infd.edu.ar\/sitio\/?page_id=1383"},"modified":"2020-10-13T23:32:44","modified_gmt":"2020-10-14T02:32:44","slug":"turno-extraordinario-setiembre","status":"publish","type":"page","link":"https:\/\/pslv-sal.infd.edu.ar\/sitio\/turno-extraordinario-setiembre\/","title":{"rendered":"Turno Extraordinario de Octubre"},"content":{"rendered":"<p><img decoding=\"async\" loading=\"lazy\" class=\"alignnone wp-image-1389 size-full\" src=\"https:\/\/pslv-sal.infd.edu.ar\/sitio\/wp-content\/uploads\/2020\/09\/encabezadoFormLogo-1.jpg\" alt=\"\" width=\"961\" height=\"242\" srcset=\"https:\/\/pslv-sal.infd.edu.ar\/sitio\/wp-content\/uploads\/2020\/09\/encabezadoFormLogo-1.jpg 961w, https:\/\/pslv-sal.infd.edu.ar\/sitio\/wp-content\/uploads\/2020\/09\/encabezadoFormLogo-1-768x193.jpg 768w\" sizes=\"(max-width: 961px) 100vw, 961px\" \/><\/p>\n<blockquote>\n<h1 style=\"text-align: center;\"><span style=\"color: #800080;\"><strong>TURNO EXTRAORDINARIO DE OCTUBRE<br \/>\n<\/strong><\/span><\/h1>\n<\/blockquote>\n<ul>\n<li>\n<h4>Es Solo para completar Carrera<\/h4>\n<\/li>\n<li>\n<h4>Se reciben las notas de pedido hasta el <span style=\"color: #ff0000;\">14\/10\/2020 a hs. 23:59<\/span><strong>.<\/strong><\/h4>\n<\/li>\n<li>\n<h4>Las mesas que se autoricen se distribuir\u00e1n en las fechas que se confirmar\u00e1n<\/h4>\n<\/li>\n<li>\n<h4>Debido a la situaci\u00f3n epidemiologica actual de la Provincia ser\u00e1 solo Mediado por TIC<\/h4>\n<\/li>\n<li>\n<h4>Procedimiento y Plazos:<\/h4>\n<ul>\n<li>\n<h4>Emitir una nota que puede ser manuscrita o impresa pero debe estar firmada de pu\u00f1o y letra.<\/h4>\n<\/li>\n<li>\n<h4>Escanear con alguna aplicaci\u00f3n del celular tipo camscanner<\/h4>\n<\/li>\n<li>\n<h4>Llenar el formulario indicado al pie de la presente p\u00e1gina, en ese formulario se solicitar\u00e1 que suban el archivo de la nota.<span style=\"color: #ff0000;\"><strong> HASTA el 14\/10\/2020 a hs. 23:59<\/strong>.<\/span><\/h4>\n<\/li>\n<li>\n<h4>Si se autoriza la constituci\u00f3n de la Mesa de Ex\u00e1men, ser\u00e1s notificado por email (<span style=\"color: #ff0000;\">el 16\/10\/2020 a partir de las 19:00 hs <\/span>)<\/h4>\n<\/li>\n<li>\n<h4>Deber\u00e1s responder el email solicitando la inscripci\u00f3n a la Mesa o informando que no vas a hacer uso de la Mesa y explicando los motivos. Esto deberas hacerlo hasta el dia <span style=\"color: #ff0000;\">19\/10\/2020 a horas 21:00<\/span>, caso contrario se asumir\u00e1 que no se va a hacer uso de la Mesa de Ex\u00e1men.<\/h4>\n<\/li>\n<li>\n<h4>Hasta 48 horas antes del examen recibir\u00e1s los datos de conexi\u00f3n.<\/h4>\n<\/li>\n<li>\n<h4>Las mesas de ex\u00e1menes se distribuir\u00e1n entre el <span style=\"color: #ff0000;\">26 y el 30 de octubre<\/span>, dependiendo de la cantidad de mesas autorizadas y de los alumnos inscriptos en cada una.<\/h4>\n<\/li>\n<\/ul>\n<\/li>\n<\/ul>\n<p>&nbsp;<\/p>\n<h2><a href=\"https:\/\/forms.gle\/B5vYk2gpPUAu2GFJA\">FORMULARIO PARA LA RECEPCI\u00d3N DE NOTAS DE PEDIDOS<\/a><\/h2>\n","protected":false},"excerpt":{"rendered":"<p>TURNO EXTRAORDINARIO DE OCTUBRE Es Solo para completar Carrera Se reciben las notas de pedido hasta el 14\/10\/2020 a hs. 23:59. Las mesas que se autoricen se distribuir\u00e1n en las fechas que se confirmar\u00e1n Debido a la situaci\u00f3n epidemiologica actual de la Provincia ser\u00e1 solo Mediado por TIC Procedimiento y Plazos: Emitir una nota que &#8230; <a title=\"Turno Extraordinario de Octubre\" class=\"read-more\" href=\"https:\/\/pslv-sal.infd.edu.ar\/sitio\/turno-extraordinario-setiembre\/\" aria-label=\"More on Turno Extraordinario de Octubre\">[+]<\/a><\/p>\n","protected":false},"author":753,"featured_media":0,"parent":0,"menu_order":0,"comment_status":"closed","ping_status":"closed","template":"","meta":[],"acf":[],"_links":{"self":[{"href":"https:\/\/pslv-sal.infd.edu.ar\/sitio\/wp-json\/wp\/v2\/pages\/1383"}],"collection":[{"href":"https:\/\/pslv-sal.infd.edu.ar\/sitio\/wp-json\/wp\/v2\/pages"}],"about":[{"href":"https:\/\/pslv-sal.infd.edu.ar\/sitio\/wp-json\/wp\/v2\/types\/page"}],"author":[{"embeddable":true,"href":"https:\/\/pslv-sal.infd.edu.ar\/sitio\/wp-json\/wp\/v2\/users\/753"}],"replies":[{"embeddable":true,"href":"https:\/\/pslv-sal.infd.edu.ar\/sitio\/wp-json\/wp\/v2\/comments?post=1383"}],"version-history":[{"count":14,"href":"https:\/\/pslv-sal.infd.edu.ar\/sitio\/wp-json\/wp\/v2\/pages\/1383\/revisions"}],"predecessor-version":[{"id":1432,"href":"https:\/\/pslv-sal.infd.edu.ar\/sitio\/wp-json\/wp\/v2\/pages\/1383\/revisions\/1432"}],"wp:attachment":[{"href":"https:\/\/pslv-sal.infd.edu.ar\/sitio\/wp-json\/wp\/v2\/media?parent=1383"}],"curies":[{"name":"wp","href":"https:\/\/api.w.org\/{rel}","templated":true}]}}