{"id":286,"date":"2016-10-31T13:17:59","date_gmt":"2016-10-31T16:17:59","guid":{"rendered":"https:\/\/pslv-sal.infd.edu.ar\/sitio\/?page_id=286"},"modified":"2022-09-19T22:58:05","modified_gmt":"2022-09-20T01:58:05","slug":"inicio","status":"publish","type":"page","link":"https:\/\/pslv-sal.infd.edu.ar\/sitio\/","title":{"rendered":"Inicio"},"content":{"rendered":"<div id=\"metaslider-id-403\" style=\"width: 100%;\" class=\"ml-slider-3-33-0 metaslider metaslider-nivo metaslider-403 ml-slider ms-theme-default\" role=\"region\" aria-roledescription=\"Slideshow\" aria-label=\"Slideshow\">\n    <div id=\"metaslider_container_403\">\n        <div class='slider-wrapper theme-default'><div class='ribbon'><\/div><div id='metaslider_403' class='nivoSlider'><a href=\"https:\/\/pslv-sal.infd.edu.ar\/sitio\/fechas-importantes-para-ingresantes\/\" target=\"_blank\"><img src=\"https:\/\/pslv-sal.infd.edu.ar\/sitio\/wp-content\/uploads\/2021\/12\/botonesPreinscripcion2022.png\" height=\"200\" width=\"1100\" title=\"botonesPreinscripcion2022\" alt=\"\" class=\"slider-403 slide-1707\" \/><\/a><\/div><\/div>\n        \n    <\/div>\n<\/div>\n<p style=\"text-align: center;\"><em><span style=\"font-size: 18pt; font-family: 'times new roman', times; color: #8f2b1e;\"><strong>Profesorado\u00a0Superior de Lenguas Vivas<\/strong><\/span><\/em><\/p>\n<p style=\"text-align: center;\"><em><span style=\"font-size: 18pt; font-family: 'times new roman', times; color: #8f2b1e;\"><strong>Instituto de Formaci\u00f3n Docente N\u00b0 6007<\/strong><\/span><\/em><\/p>\n<p style=\"text-align: center;\"><em><span style=\"font-size: 18pt; font-family: 'times new roman', times; color: #8f2b1e;\"><strong>Salta -Capital<\/strong><\/span><\/em><\/p>\n<p style=\"text-align: center;\"><img decoding=\"async\" loading=\"lazy\" title=\"Portada Chica\" src=\"https:\/\/pslv-sal.infd.edu.ar\/sitio\/wp-content\/uploads\/2018\/07\/Portada.gif\" alt=\"Portada Chica\" width=\"381\" height=\"286\" border=\"0\" \/><\/p>\n<p style=\"text-align: center;\">Avenida San Mart\u00edn\u00a01765. Salta, Capital<\/p>\n<p style=\"text-align: center;\">\n<p style=\"text-align: center;\">\n<p style=\"text-align: center;\"><span style=\"font-family: verdana, geneva; color: #800000; font-size: 10pt;\">Junto con varios cientos de Institutos, integramos la <strong><em>Red\u00a0Virtual de Institutos Superiores de Formaci\u00f3n Docente<\/em><\/strong>\u00a0coordinada por el <strong>INFD<\/strong> (Instituto Nacional de Formaci\u00f3n Docente) dependiente del Ministerio de Educaci\u00f3n de la Naci\u00f3n Argentina.<\/span><\/p>\n","protected":false},"excerpt":{"rendered":"<p>Profesorado\u00a0Superior de Lenguas Vivas Instituto de Formaci\u00f3n Docente N\u00b0 6007 Salta -Capital Avenida San Mart\u00edn\u00a01765. Salta, Capital Junto con varios cientos de Institutos, integramos la Red\u00a0Virtual de Institutos Superiores de Formaci\u00f3n Docente\u00a0coordinada por el INFD (Instituto Nacional de Formaci\u00f3n Docente) dependiente del Ministerio de Educaci\u00f3n de la Naci\u00f3n Argentina.<\/p>\n","protected":false},"author":1,"featured_media":0,"parent":0,"menu_order":0,"comment_status":"closed","ping_status":"closed","template":"","meta":[],"acf":[],"_links":{"self":[{"href":"https:\/\/pslv-sal.infd.edu.ar\/sitio\/wp-json\/wp\/v2\/pages\/286"}],"collection":[{"href":"https:\/\/pslv-sal.infd.edu.ar\/sitio\/wp-json\/wp\/v2\/pages"}],"about":[{"href":"https:\/\/pslv-sal.infd.edu.ar\/sitio\/wp-json\/wp\/v2\/types\/page"}],"author":[{"embeddable":true,"href":"https:\/\/pslv-sal.infd.edu.ar\/sitio\/wp-json\/wp\/v2\/users\/1"}],"replies":[{"embeddable":true,"href":"https:\/\/pslv-sal.infd.edu.ar\/sitio\/wp-json\/wp\/v2\/comments?post=286"}],"version-history":[{"count":77,"href":"https:\/\/pslv-sal.infd.edu.ar\/sitio\/wp-json\/wp\/v2\/pages\/286\/revisions"}],"predecessor-version":[{"id":2006,"href":"https:\/\/pslv-sal.infd.edu.ar\/sitio\/wp-json\/wp\/v2\/pages\/286\/revisions\/2006"}],"wp:attachment":[{"href":"https:\/\/pslv-sal.infd.edu.ar\/sitio\/wp-json\/wp\/v2\/media?parent=286"}],"curies":[{"name":"wp","href":"https:\/\/api.w.org\/{rel}","templated":true}]}}