{"id":920,"date":"2018-07-02T19:25:10","date_gmt":"2018-07-02T22:25:10","guid":{"rendered":"https:\/\/pslv-sal.infd.edu.ar\/sitio\/becas\/"},"modified":"2020-03-04T14:43:25","modified_gmt":"2020-03-04T17:43:25","slug":"becas","status":"publish","type":"page","link":"https:\/\/pslv-sal.infd.edu.ar\/sitio\/becas\/","title":{"rendered":"Becas"},"content":{"rendered":"<p style=\"text-align: center;\"><span style=\"font-size: 14pt; color: #800000; font-family: verdana, geneva;\"><strong>Informaci\u00f3n Importante: Convocatoria 2020-PROGRESAR<\/strong><\/span><\/p>\n<p>&nbsp;<\/p>\n<div><span style=\"color: #000000; font-family: arial, sans-serif;\">El periodo de inscripci\u00f3n ser\u00e1 del\u00a0<u><strong>1 al 31 de marzo<\/strong>,\u00a0<\/u>para los estudiantes de\u00a0<b>Educaci\u00f3n Superior<\/b>\u00a0la inscripci\u00f3n es \u00fanicamente a trav\u00e9s de<u>\u00a0<\/u><strong><a href=\"https:\/\/progresar.educacion.gob.ar\/\" target=\"_blank\" rel=\"nofollow noopener\">https:\/\/progresar.educacion.gob.ar\/<\/a><\/strong><\/span><\/div>\n<div><\/div>\n<div><span style=\"color: #000000; font-family: arial, sans-serif;\">Les recordamos que los n\u00fameros de consulta para <strong>atenci\u00f3n de los estudiantes <\/strong>son:<\/span><span style=\"color: #000000; font-family: arial, sans-serif;\">\u00a0<b>(011) 4129-2038\/46\/48\/75\u00a0 o 0800-999-1066<\/b><\/span><\/div>\n<p>&nbsp;<\/p>\n<p>&nbsp;<\/p>\n<p style=\"text-align: center;\"><span style=\"font-size: 14pt; color: #800000; font-family: verdana, geneva;\"><strong>INFORMACI\u00d3N IMPORTANTE BECA COMPROMISO DOCENTE 2018<\/strong><\/span><\/p>\n<p style=\"text-align: justify;\">\n<p><strong>L\u00ednea de becas Compromiso Docente<\/strong><\/p>\n<p>La l\u00ednea de becas Compromiso Docente est\u00e1 destinada a formar docentes en las carreras prioritarias del sistema educativo. Est\u00e1 dirigida a estudiantes comprometidos con la docencia y con buen desempe\u00f1o acad\u00e9mico. La beca acompa\u00f1a toda la trayectoria formativa con un incentivo econ\u00f3mico de entre el 40% y el 70% del salario inicial docente seg\u00fan el avance en la carrera.<\/p>\n<p>Pr\u00f3ximamente se lanzar\u00e1 la convocatoria 2018. Si est\u00e1s interesado, pod\u00e9s completar tus datos en <span style=\"font-size: 14pt;\"><a href=\"https:\/\/goo.gl\/KsZLNd\">este link<\/a><\/span> para recibir toda la informaci\u00f3n y los requisitos en el momento de la inscripci\u00f3n.<\/p>\n<p>&nbsp;<\/p>\n<p><strong><u>Informaci\u00f3n y modificaciones que habr\u00e1 en la l\u00ednea de Becas Compromiso para la\u00a0convocatoria 2018.<\/u><\/strong><\/p>\n<p>Una de las cuestiones m\u00e1s importante es que se reemplaza el requisito del promedio para estudiantes ingresantes por una\u00a0evaluaci\u00f3n (que ser\u00e1 dise\u00f1ada y aplicada por Secretaria de Evaluaci\u00f3n Educativa). La misma permitir\u00e1 establecer el\u00a0nivel acad\u00e9mico, socio econ\u00f3mico y valoraci\u00f3n de compromiso por la docencia de cada postulante.<\/p>\n<p>Por lo tanto, los requisitos para ingresantes y avanzados pasan a ser los siguientes:<\/p>\n<p>&#8211;\u00a0\u00a0Tener DNI argentino, CUIL y no superar al cierre de la\u00a0convocatoria:<\/p>\n<p>&#8211; VEINTICINCO (25) a\u00f1os para estudiantes\u00a0ingresantes.<\/p>\n<p>&#8211; TREINTA (30) a\u00f1os para estudiantes\u00a0avanzados.<\/p>\n<p>&#8211;\u00a0Haber iniciado sus estudios en el a\u00f1o de la convocatoria o estar cursando en alguna de las instituciones que las jurisdicciones hayan seleccionado seg\u00fan sus prioridades detectadas por el\u00a0PLAFOD.<\/p>\n<p>&#8211;\u00a0\u00a0Haber completado el nivel secundario.<\/p>\n<p>&#8211;\u00a0\u00a0Haber obtenido un buen desempe\u00f1o\u00a0acad\u00e9mico:<\/p>\n<p>&#8211; \u00a0Para los estudiantes ingresantes, obtener buenos resultados en una evaluaci\u00f3n especifica de selecci\u00f3n de los candidatos dise\u00f1ada por la (SEE).<strong>\u00a0REQUISITO NUEVO, REEMPLAZA AL REQUISITO DE PROMEDIO Y LA ENTREVISTA PERSONAL.<\/strong><\/p>\n<p>&#8211; Para los estudiantes avanzados, el porcentaje de la carrera aprobada deber ser, como m\u00ednimo, del 20% de unidades curriculares, acumulativo por a\u00f1o de cursada desde la fecha de inicio de la\u00a0carrera. <strong>LOS ESTUDIANTES AVANZADOS NO REALIZAN\u00a0LA EVALUACI\u00d3N.<\/strong><\/p>\n<p>&#8211;\u00a0No percibir ingresos superiores a un salario m\u00ednimo vital y m\u00f3vil\u00a0(SMVM).<\/p>\n<p>&#8211;\u00a0\u00a0Realizar la inscripci\u00f3n online completando el formulario electr\u00f3nico en tiempo y forma.<\/p>\n<p>&#8211;\u00a0Presentar la documentaci\u00f3n exigida de acuerdo a los\u00a0requisitos.<\/p>\n<p>&#8211;\u00a0Tener una cuenta de correo electr\u00f3nico individual v\u00e1lida que ser\u00e1 de uso obligatorio para la comunicaci\u00f3n de las novedades sobre el proceso de inscripci\u00f3n, adjudicaci\u00f3n y pago de la beca Compromiso\u00a0Docente.<\/p>\n<p><strong><u>Pr\u00f3ximamente le enviaremos mayor informaci\u00f3n de la evaluaci\u00f3n (En que consiste, como se aplica, sedes,\u00a0etc).<\/u><\/strong><\/p>\n<p>Por el momento el calendario 2018 ser\u00e1 el siguiente:<\/p>\n<p>1-Enero y Febrero inscripci\u00f3n on line<\/p>\n<p>2-Fines de Febrero evaluaci\u00f3n (en distintas sedes, mismo d\u00eda y horario a nivel nacional)<\/p>\n<p>3- Fines de marzo n\u00f3mina de adjudicados<\/p>\n<p>Como la inscripci\u00f3n se realizar\u00e1 en el mes de enero les solicitamos que hasta que \u00a0est\u00e9 disponible \u00a0la inscripci\u00f3n on line\u00a0 difundan (junto con los nuevos \u00a0requisitos y carreras prioritarias) \u00a0el link de la\u00a0encuesta\u00a0\u00a0<a href=\"https:\/\/goo.gl\/KsZLNd\">https:\/\/goo.gl\/KsZLNd<\/a><\/p>\n<p>&nbsp;<\/p>\n<p>La segunda modificaci\u00f3n \u00a0de las condiciones es en relaci\u00f3n al escalaf\u00f3n de cobro de la beca, para los estudiantes que se adjudiquen en el 2018 ser\u00e1 el siguiente:<\/p>\n<p>&#8211;\u00a0\u00a0\u00a0\u00a0\u00a0\u00a0\u00a01\u00ba a\u00f1o \u2013 40% del salario inicial docente\u00a0vigente.<\/p>\n<p>&#8211;\u00a0\u00a0\u00a0\u00a0\u00a0\u00a0\u00a02\u00ba a\u00f1o \u2013 50% del salario inicial docente\u00a0vigente.<\/p>\n<p>&#8211;\u00a0\u00a0\u00a0\u00a0\u00a0\u00a0\u00a03\u00ba a\u00f1o \u2013 60% del salario inicial docente\u00a0vigente.<\/p>\n<p>&#8211;\u00a0\u00a0\u00a0\u00a0\u00a0\u00a0\u00a04\u00ba a\u00f1o \u2013 70% del salario inicial docente\u00a0vigente.<\/p>\n<p>&#8211;\u00a0\u00a0\u00a0\u00a0\u00a0\u00a0\u00a0\u00a0Excedencia \u2013 30 % del salario inicial docente\u00a0vigente.<\/p>\n<p>Carreras Prioritarias:<\/p>\n<ul>\n<li>Prof. de Educaci\u00f3n Secundaria en Lengua y Literatura<\/li>\n<li>Prof. de Educaci\u00f3n Secundaria en Qu\u00edmica<\/li>\n<li>Profesorado de Educaci\u00f3n Secundaria en F\u00edsica<\/li>\n<li>Profesorado de Ingl\u00e9s<\/li>\n<\/ul>\n<p>&nbsp;<\/p>\n<p>&nbsp;<\/p>\n","protected":false},"excerpt":{"rendered":"<p>Informaci\u00f3n Importante: Convocatoria 2020-PROGRESAR &nbsp; El periodo de inscripci\u00f3n ser\u00e1 del\u00a01 al 31 de marzo,\u00a0para los estudiantes de\u00a0Educaci\u00f3n Superior\u00a0la inscripci\u00f3n es \u00fanicamente a trav\u00e9s de\u00a0https:\/\/progresar.educacion.gob.ar\/ Les recordamos que los n\u00fameros de consulta para atenci\u00f3n de los estudiantes son:\u00a0(011) 4129-2038\/46\/48\/75\u00a0 o 0800-999-1066 &nbsp; &nbsp; INFORMACI\u00d3N IMPORTANTE BECA COMPROMISO DOCENTE 2018 L\u00ednea de becas Compromiso Docente La &#8230; <a title=\"Becas\" class=\"read-more\" href=\"https:\/\/pslv-sal.infd.edu.ar\/sitio\/becas\/\" aria-label=\"More on Becas\">[+]<\/a><\/p>\n","protected":false},"author":753,"featured_media":0,"parent":0,"menu_order":0,"comment_status":"closed","ping_status":"closed","template":"","meta":[],"acf":[],"_links":{"self":[{"href":"https:\/\/pslv-sal.infd.edu.ar\/sitio\/wp-json\/wp\/v2\/pages\/920"}],"collection":[{"href":"https:\/\/pslv-sal.infd.edu.ar\/sitio\/wp-json\/wp\/v2\/pages"}],"about":[{"href":"https:\/\/pslv-sal.infd.edu.ar\/sitio\/wp-json\/wp\/v2\/types\/page"}],"author":[{"embeddable":true,"href":"https:\/\/pslv-sal.infd.edu.ar\/sitio\/wp-json\/wp\/v2\/users\/753"}],"replies":[{"embeddable":true,"href":"https:\/\/pslv-sal.infd.edu.ar\/sitio\/wp-json\/wp\/v2\/comments?post=920"}],"version-history":[{"count":1,"href":"https:\/\/pslv-sal.infd.edu.ar\/sitio\/wp-json\/wp\/v2\/pages\/920\/revisions"}],"predecessor-version":[{"id":1106,"href":"https:\/\/pslv-sal.infd.edu.ar\/sitio\/wp-json\/wp\/v2\/pages\/920\/revisions\/1106"}],"wp:attachment":[{"href":"https:\/\/pslv-sal.infd.edu.ar\/sitio\/wp-json\/wp\/v2\/media?parent=920"}],"curies":[{"name":"wp","href":"https:\/\/api.w.org\/{rel}","templated":true}]}}